{"id":8215,"date":"2021-02-25T12:42:40","date_gmt":"2021-02-25T12:42:40","guid":{"rendered":"https:\/\/www.tuwebaccesible.es\/administracions-publiques-rd-1112-2018\/"},"modified":"2021-02-25T12:42:40","modified_gmt":"2021-02-25T12:42:40","slug":"administracions-publiques-rd-1112-2018","status":"publish","type":"page","link":"https:\/\/www.tuwebaccesible.es\/cat\/administracions-publiques-rd-1112-2018\/","title":{"rendered":"Administracions p\u00fabliques &#8211; RD 1112\/2018"},"content":{"rendered":"<div class=\"wpb-content-wrapper\"><p>[vc_row row_height_percent=&#8221;0&#8243; override_padding=&#8221;yes&#8221; h_padding=&#8221;2&#8243; top_padding=&#8221;3&#8243; bottom_padding=&#8221;3&#8243; overlay_alpha=&#8221;50&#8243; gutter_size=&#8221;5&#8243; column_width_percent=&#8221;100&#8243; shift_y=&#8221;0&#8243; z_index=&#8221;0&#8243; uncode_shortcode_id=&#8221;205772&#8243;][vc_column column_width_percent=&#8221;100&#8243; position_vertical=&#8221;middle&#8221; gutter_size=&#8221;2&#8243; overlay_alpha=&#8221;50&#8243; shift_x=&#8221;0&#8243; shift_y=&#8221;0&#8243; shift_y_down=&#8221;0&#8243; z_index=&#8221;0&#8243; medium_width=&#8221;0&#8243; mobile_width=&#8221;0&#8243; width=&#8221;7\/12&#8243; uncode_shortcode_id=&#8221;196766&#8243;][vc_custom_heading text_font=&#8221;font-179873&#8243; text_size=&#8221;fontsize-50&#8243; text_height=&#8221;fontheight-50&#8243; uncode_shortcode_id=&#8221;157313&#8243;]Accessibilitat web per a Administracions P\u00fabliques[\/vc_custom_heading][vc_column_text uncode_shortcode_id=&#8221;919219&#8243; el_class=&#8221;fontheight-34 fontsize-30&#8243;]Les webs de les administracions p\u00fabliques ara han de ser accessibles per decret. Rodeu-vos de professionals amb experi\u00e8ncia que us ofereixin solucions segures, a l&#8217;altura de la vostra instituci\u00f3.[\/vc_column_text][\/vc_column][vc_column width=&#8221;5\/12&#8243;][vc_single_image media=&#8221;5418&#8243; media_width_use_pixel=&#8221;yes&#8221; uncode_shortcode_id=&#8221;794319&#8243; media_width_pixel=&#8221;371&#8243;][\/vc_column][\/vc_row][vc_section][vc_row row_height_percent=&#8221;0&#8243; override_padding=&#8221;yes&#8221; h_padding=&#8221;2&#8243; top_padding=&#8221;1&#8243; bottom_padding=&#8221;2&#8243; overlay_alpha=&#8221;50&#8243; gutter_size=&#8221;3&#8243; column_width_percent=&#8221;100&#8243; shift_y=&#8221;0&#8243; z_index=&#8221;0&#8243; uncode_shortcode_id=&#8221;660881&#8243;][vc_column width=&#8221;1\/1&#8243;][vc_custom_heading text_font=&#8221;font-179873&#8243; text_size=&#8221;fontsize-50&#8243; text_height=&#8221;fontheight-50&#8243; uncode_shortcode_id=&#8221;158477&#8243;]Sabies que\u2026[\/vc_custom_heading][vc_column_text uncode_shortcode_id=&#8221;455756&#8243; el_class=&#8221;fontheight-28 fontsize-18 mt-15&#8243;]Des del 20 de setembre de 2018 est\u00e0 en vigor el <a href=\"https:\/\/www.boe.es\/diario_boe\/txt.php?id=BOE-A-2018-12699\" target=\"_blank\" rel=\"noopener\"><strong><u class=\"underline-space\">Reial decret 1112\/2018<\/u><\/strong><\/a>, sobre accessibilitat dels llocs web i aplicacions per a dispositius m\u00f2bils del sector p\u00fablic. Aquest decret obliga que totes les p\u00e0gines web de l&#8217;Administraci\u00f3 P\u00fablica o dependents d&#8217;aquesta siguin accessibles per a les persones amb diferents capacitats. Aquesta normativa legal \u00e9s aplicable a tots els espais web del sector p\u00fablic, des dels pertanyents a les administracions, tribunals i serveis de policia, fins a hospitals, universitats i biblioteques p\u00fabliques, entre d&#8217;altres. A m\u00e9s, a l&#8217;article 17 del citat Reial decret s&#8217;especifiquen els requisits sobre quan i com s&#8217;han de dur a terme les revisions d&#8217;accessibilitat, per mantenir la seva adequaci\u00f3 en el temps; una normativa que va entrar en vigor l&#8217;1 de novembre de 2018.[\/vc_column_text][\/vc_column][\/vc_row][\/vc_section][vc_section][vc_row row_height_percent=&#8221;0&#8243; override_padding=&#8221;yes&#8221; h_padding=&#8221;2&#8243; top_padding=&#8221;2&#8243; bottom_padding=&#8221;3&#8243; overlay_alpha=&#8221;50&#8243; gutter_size=&#8221;3&#8243; column_width_percent=&#8221;100&#8243; shift_y=&#8221;0&#8243; z_index=&#8221;0&#8243; uncode_shortcode_id=&#8221;947268&#8243;][vc_column width=&#8221;1\/1&#8243;][vc_custom_heading text_font=&#8221;font-179873&#8243; text_size=&#8221;fontsize-50&#8243; text_height=&#8221;fontheight-50&#8243; uncode_shortcode_id=&#8221;240873&#8243;]Qu\u00e8 s&#8217;ha de complir?[\/vc_custom_heading][vc_column_text uncode_shortcode_id=&#8221;629297&#8243; el_class=&#8221;fontheight-28 fontsize-18 mt-15&#8243;]El Reial decret no nom\u00e9s obliga a que el web sigui accessible en base a un nivell d&#8217;adequaci\u00f3 establert per les pautes d&#8217;accessibilitat <a href=\"https:\/\/www.w3.org\/WAI\/standards-guidelines\/wcag\/glance\/es\" target=\"_blank\" rel=\"noopener\"><u class=\"underline-space\"><strong>WCAG 2.1<\/strong><\/u><\/a>, sin\u00f3 que a m\u00e9s, estableix una s\u00e8rie d&#8217;accions, implementacions i documentaci\u00f3, que s&#8217;ha d&#8217;elaborar per enviar-la al Ministeri d&#8217;Assumptes Econ\u00f2mics i Transformaci\u00f3 Digital. Aquest ministeri ser\u00e0 l&#8217;encarregat de remetre tota la informaci\u00f3 referent a la seva plataforma web, a la Comissi\u00f3 Europea abans de desembre de 2021.[\/vc_column_text][\/vc_column][\/vc_row][\/vc_section][vc_section back_color=&#8221;color-white-Four&#8221; overlay_alpha=&#8221;50&#8243; uncode_shortcode_id=&#8221;164561&#8243; back_color_type=&#8221;uncode-palette&#8221;][vc_row row_height_percent=&#8221;0&#8243; override_padding=&#8221;yes&#8221; h_padding=&#8221;2&#8243; top_padding=&#8221;3&#8243; bottom_padding=&#8221;3&#8243; overlay_alpha=&#8221;50&#8243; gutter_size=&#8221;2&#8243; column_width_percent=&#8221;100&#8243; shift_y=&#8221;0&#8243; z_index=&#8221;0&#8243; uncode_shortcode_id=&#8221;343512&#8243;][vc_column width=&#8221;1\/12&#8243;][vc_single_image media=&#8221;5348&#8243; media_width_percent=&#8221;100&#8243; uncode_shortcode_id=&#8221;233271&#8243;][\/vc_column][vc_column column_width_percent=&#8221;100&#8243; gutter_size=&#8221;3&#8243; overlay_alpha=&#8221;50&#8243; shift_x=&#8221;0&#8243; shift_y=&#8221;0&#8243; shift_y_down=&#8221;0&#8243; z_index=&#8221;0&#8243; medium_width=&#8221;0&#8243; mobile_width=&#8221;0&#8243; width=&#8221;10\/12&#8243; uncode_shortcode_id=&#8221;385844&#8243; css=&#8221;.vc_custom_1722498782772{padding-top: 12px !important;}&#8221;][vc_custom_heading text_font=&#8221;font-179873&#8243; text_size=&#8221;fontsize-50&#8243; text_height=&#8221;fontheight-50&#8243; uncode_shortcode_id=&#8221;119586&#8243;]Accions que s&#8217;han de dur a terme[\/vc_custom_heading][vc_column_text uncode_shortcode_id=&#8221;870603&#8243; el_class=&#8221;fontheight-25 fontsize-18&#8243;]<\/p>\n<ul id=\"ulist-ad-publicas\">\n<li><strong>Definir un Comit\u00e8 d&#8217;Accessibilitat<\/strong> a l&#8217;entitat\/organisme, que ser\u00e0 l&#8217;encarregat de realitzar el seguiment en mat\u00e8ria d&#8217;accessibilitat.<\/li>\n<li>Habilitar al web un formulari de contacte per a incid\u00e8ncies relacionades amb l&#8217;accessibilitat, i gestionar totes les peticions entrants. El citat Comit\u00e8 d&#8217;Accessibilitat tindr\u00e0 entre les seves funcions la de gestionar les peticions rebudes.<\/li>\n<li>Realitzar una an\u00e0lisi \u00edntegra sobre l&#8217;accessibilitat, en cas que no s&#8217;hagi desenvolupat amb anterioritat, amb l&#8217;objectiu d&#8217;avaluar el nivell d&#8217;adequaci\u00f3 del portal web (A o AA segons la WCAG 2.1).<\/li>\n<li>Incloure a la p\u00e0gina web una Declaraci\u00f3 d&#8217;Accessibilitat, basada en el model europeu de declaraci\u00f3 d&#8217;accessibilitat, que haur\u00e0 de ser revisada amb una periodicitat anual.<\/li>\n<li>Enviar al ministeri la seg\u00fcent documentaci\u00f3:\n<ol id=\"olist-ad-publicas\">\n<li>Informe de revisi\u00f3 d&#8217;accessibilitat (un cop a l&#8217;any, i si es produeixen canvis substancials, abans d&#8217;octubre de cada any)<\/li>\n<li>Informe sobre l&#8217;atenci\u00f3 de queixes i reclamacions amb periodicitat anual.<\/li>\n<li>Informe de seguiment del compliment dels requisits d&#8217;accessibilitat (anual).<\/li>\n<li>Informe de seguiment de la promoci\u00f3, conscienciaci\u00f3 i formaci\u00f3 (anual).<\/li>\n<\/ol>\n<\/li>\n<\/ul>\n<p>[\/vc_column_text][\/vc_column][vc_column width=&#8221;1\/12&#8243;][\/vc_column][\/vc_row][\/vc_section][vc_section][vc_row row_height_percent=&#8221;0&#8243; override_padding=&#8221;yes&#8221; h_padding=&#8221;2&#8243; top_padding=&#8221;3&#8243; bottom_padding=&#8221;4&#8243; overlay_alpha=&#8221;50&#8243; gutter_size=&#8221;3&#8243; column_width_percent=&#8221;100&#8243; shift_y=&#8221;0&#8243; z_index=&#8221;0&#8243; uncode_shortcode_id=&#8221;366139&#8243;][vc_column width=&#8221;1\/1&#8243;][vc_row_inner][vc_column_inner width=&#8221;11\/12&#8243;][vc_custom_heading text_font=&#8221;font-179873&#8243; text_size=&#8221;fontsize-50&#8243; text_height=&#8221;fontheight-50&#8243; uncode_shortcode_id=&#8221;136521&#8243;]Accessibilitat Web per a Administracions P\u00fabliques[\/vc_custom_heading][\/vc_column_inner][vc_column_inner width=&#8221;1\/12&#8243;][\/vc_column_inner][\/vc_row_inner][vc_column_text uncode_shortcode_id=&#8221;150198&#8243; el_class=&#8221;fontheight-28 fontsize-18 mt-20&#8243;]En primer lloc li oferim tranquil\u00b7litat, ja que el nostre equip s&#8217;encarregar\u00e0 de tot el proc\u00e9s, des de l&#8217;an\u00e0lisi, passant per l&#8217;avaluaci\u00f3 i concloent amb la preparaci\u00f3 de la documentaci\u00f3, perqu\u00e8 compleixi sense problemes amb el Reial decret 1112\/2018.[\/vc_column_text][vc_row_inner row_inner_height_percent=&#8221;0&#8243; overlay_alpha=&#8221;50&#8243; gutter_size=&#8221;2&#8243; shift_y=&#8221;0&#8243; z_index=&#8221;0&#8243; uncode_shortcode_id=&#8221;596191&#8243;][vc_column_inner width=&#8221;1\/12&#8243;][vc_single_image media=&#8221;5251&#8243; media_width_use_pixel=&#8221;yes&#8221; uncode_shortcode_id=&#8221;176405&#8243; media_width_pixel=&#8221;75&#8243;][\/vc_column_inner][vc_column_inner column_width_percent=&#8221;100&#8243; gutter_size=&#8221;3&#8243; overlay_alpha=&#8221;50&#8243; shift_x=&#8221;0&#8243; shift_y=&#8221;0&#8243; shift_y_down=&#8221;0&#8243; z_index=&#8221;0&#8243; medium_width=&#8221;0&#8243; mobile_width=&#8221;0&#8243; width=&#8221;11\/12&#8243; uncode_shortcode_id=&#8221;850621&#8243; css=&#8221;.vc_custom_1722502714686{padding-top: 10px !important;}&#8221;][vc_custom_heading heading_semantic=&#8221;h3&#8243; text_font=&#8221;font-179873&#8243; text_size=&#8221;fontsize-30&#8243; text_height=&#8221;fontheight-32&#8243; uncode_shortcode_id=&#8221;518428&#8243;]Consultoria per a llocs web de l&#8217;Administraci\u00f3 P\u00fablica[\/vc_custom_heading][vc_column_text uncode_shortcode_id=&#8221;158130&#8243; el_class=&#8221;fontheight-28 fontsize-18 mt-20&#8243;]Disposar\u00e0 d&#8217;un consultor expert en accessibilitat web, aix\u00ed com d&#8217;un t\u00e8cnic programador que solucionar\u00e0 qualsevol necessitat en mat\u00e8ria d&#8217;accessibilitat. Aquest equip formar\u00e0 part del Comit\u00e8 d&#8217;Accessibilitat i servir\u00e0 de suport fonamental al seu equip de t\u00e8cnics de l&#8217;administraci\u00f3, a l&#8217;hora d&#8217;avaluar i prendre decisions, adaptar el portal web de l&#8217;administraci\u00f3 p\u00fablica en concret, revisar el nou contingut i per a la implementaci\u00f3 de futures funcionalitats.<br \/>\nComptant amb el nostre equip, no \u00e9s necessari que els t\u00e8cnics de la instituci\u00f3 p\u00fablica en q\u00fcesti\u00f3 coneguin al 100% les normes d&#8217;accessibilitat, ja que el nostre equip de professionals aportar\u00e0 aquest coneixement al detall.[\/vc_column_text][\/vc_column_inner][\/vc_row_inner][vc_row_inner row_inner_height_percent=&#8221;0&#8243; overlay_alpha=&#8221;50&#8243; gutter_size=&#8221;2&#8243; shift_y=&#8221;0&#8243; z_index=&#8221;0&#8243; uncode_shortcode_id=&#8221;596191&#8243;][vc_column_inner width=&#8221;1\/12&#8243;][vc_single_image media=&#8221;5187&#8243; media_width_use_pixel=&#8221;yes&#8221; uncode_shortcode_id=&#8221;204549&#8243; media_width_pixel=&#8221;78&#8243;][\/vc_column_inner][vc_column_inner column_width_percent=&#8221;100&#8243; gutter_size=&#8221;3&#8243; overlay_alpha=&#8221;50&#8243; shift_x=&#8221;0&#8243; shift_y=&#8221;0&#8243; shift_y_down=&#8221;0&#8243; z_index=&#8221;0&#8243; medium_width=&#8221;0&#8243; mobile_width=&#8221;0&#8243; width=&#8221;11\/12&#8243; uncode_shortcode_id=&#8221;850621&#8243; css=&#8221;.vc_custom_1722502714686{padding-top: 10px !important;}&#8221;][vc_custom_heading heading_semantic=&#8221;h3&#8243; text_font=&#8221;font-179873&#8243; text_size=&#8221;fontsize-30&#8243; text_height=&#8221;fontheight-32&#8243; uncode_shortcode_id=&#8221;162757&#8243;]Auditoria completa per a portals web del sector p\u00fablic[\/vc_custom_heading][vc_column_text uncode_shortcode_id=&#8221;420935&#8243; el_class=&#8221;fontheight-28 fontsize-18 mt-20&#8243;]Accessibilitat Web s&#8217;encarregar\u00e0 de dur a terme una auditoria completa d&#8217;accessibilitat per al seu portal web, utilitzant eines d&#8217;an\u00e0lisi autom\u00e0tic, revisions manuals i estudi de consultoria espec\u00edfic. L&#8217;an\u00e0lisi es realitzar\u00e0 un cop a l&#8217;any, tal com estableix la llei, i es podran efectuar noves revisions quan els canvis del portal web siguin substancials (estructura web, nou disseny\/plantilla o noves funcionalitats).<br \/>\nDel resultat de l&#8217;auditoria s&#8217;extraur\u00e0 un informe de situaci\u00f3 i un informe de canvis, correccions o implementacions per executar, per a un correcte compliment de la norma. La instituci\u00f3 p\u00fablica en q\u00fcesti\u00f3 haur\u00e0 d&#8217;aplicar els canvis recomanats de manera que les limitacions d&#8217;accessibilitat del seu portal web siguin solucionades.[\/vc_column_text][\/vc_column_inner][\/vc_row_inner][vc_row_inner row_inner_height_percent=&#8221;0&#8243; overlay_alpha=&#8221;50&#8243; gutter_size=&#8221;2&#8243; shift_y=&#8221;0&#8243; z_index=&#8221;0&#8243; uncode_shortcode_id=&#8221;596191&#8243;][vc_column_inner width=&#8221;1\/12&#8243;][vc_single_image media=&#8221;5519&#8243; media_width_use_pixel=&#8221;yes&#8221; uncode_shortcode_id=&#8221;905175&#8243; media_width_pixel=&#8221;78&#8243;][\/vc_column_inner][vc_column_inner column_width_percent=&#8221;100&#8243; gutter_size=&#8221;3&#8243; overlay_alpha=&#8221;50&#8243; shift_x=&#8221;0&#8243; shift_y=&#8221;0&#8243; shift_y_down=&#8221;0&#8243; z_index=&#8221;0&#8243; medium_width=&#8221;0&#8243; mobile_width=&#8221;0&#8243; width=&#8221;11\/12&#8243; uncode_shortcode_id=&#8221;850621&#8243; css=&#8221;.vc_custom_1722502714686{padding-top: 10px !important;}&#8221;][vc_custom_heading heading_semantic=&#8221;h3&#8243; text_font=&#8221;font-179873&#8243; text_size=&#8221;fontsize-30&#8243; text_height=&#8221;fontheight-32&#8243; uncode_shortcode_id=&#8221;677236&#8243;]Servei documental per a l&#8217;avaluaci\u00f3 del seu web institucional[\/vc_custom_heading][vc_column_text uncode_shortcode_id=&#8221;131498&#8243; el_class=&#8221;fontheight-28 fontsize-18 mt-20&#8243;]Ens encarregarem de la preparaci\u00f3 de tot el material documental que exigeix el Reial decret, i que \u00e9s necessari remetre al Ministeri d&#8217;Assumptes Econ\u00f2mics i Transformaci\u00f3 Digital. Aquesta documentaci\u00f3 implica:<\/p>\n<ul>\n<li>Declaraci\u00f3 d&#8217;accessibilitat<\/li>\n<li>Informe de revisi\u00f3 d&#8217;accessibilitat<\/li>\n<li>Informe sobre l&#8217;atenci\u00f3 de queixes i reclamacions<\/li>\n<li>Informe de seguiment sobre el compliment dels requisits d&#8217;accessibilitat.<\/li>\n<li>Informe de seguiment de la promoci\u00f3, conscienciaci\u00f3 i formaci\u00f3 (anual)<\/li>\n<\/ul>\n<p>[\/vc_column_text][\/vc_column_inner][\/vc_row_inner][\/vc_column][\/vc_row][\/vc_section][vc_row][vc_column width=&#8221;1\/1&#8243;][uncode_block id=&#8221;5226&#8243;][\/vc_column][\/vc_row]<\/p>\n<\/div>","protected":false},"excerpt":{"rendered":"<p>Todas las webs de Administraciones P\u00fablicas o dependientes de estas, deben ser accesibles para personas con discapacidades por el Real Decreto 1112\/2018.<\/p>\n","protected":false},"author":4,"featured_media":0,"parent":0,"menu_order":0,"comment_status":"closed","ping_status":"closed","template":"","meta":{"_acf_changed":false,"footnotes":""},"class_list":["post-8215","page","type-page","status-publish","hentry"],"acf":[],"_form":null,"_mail":null,"_mail_2":null,"_messages":null,"_additional_settings":null,"_locale":null,"migrate_from_cf7_redirect":null,"_hash":null,"_links":{"self":[{"href":"https:\/\/www.tuwebaccesible.es\/cat\/wp-json\/wp\/v2\/pages\/8215","targetHints":{"allow":["GET"]}}],"collection":[{"href":"https:\/\/www.tuwebaccesible.es\/cat\/wp-json\/wp\/v2\/pages"}],"about":[{"href":"https:\/\/www.tuwebaccesible.es\/cat\/wp-json\/wp\/v2\/types\/page"}],"author":[{"embeddable":true,"href":"https:\/\/www.tuwebaccesible.es\/cat\/wp-json\/wp\/v2\/users\/4"}],"replies":[{"embeddable":true,"href":"https:\/\/www.tuwebaccesible.es\/cat\/wp-json\/wp\/v2\/comments?post=8215"}],"version-history":[{"count":0,"href":"https:\/\/www.tuwebaccesible.es\/cat\/wp-json\/wp\/v2\/pages\/8215\/revisions"}],"wp:attachment":[{"href":"https:\/\/www.tuwebaccesible.es\/cat\/wp-json\/wp\/v2\/media?parent=8215"}],"curies":[{"name":"wp","href":"https:\/\/api.w.org\/{rel}","templated":true}]}}