{"id":8202,"date":"2023-02-06T12:24:53","date_gmt":"2023-02-06T12:24:53","guid":{"rendered":"https:\/\/www.tuwebaccesible.es\/declaracion-de-accesibilidad\/"},"modified":"2023-02-06T12:24:53","modified_gmt":"2023-02-06T12:24:53","slug":"declaracion-de-accesibilidad","status":"publish","type":"page","link":"https:\/\/www.tuwebaccesible.es\/cat\/legal-2\/declaracion-de-accesibilidad\/","title":{"rendered":"Declaraci\u00f3 d&#8217;accessibilitat"},"content":{"rendered":"<div class=\"wpb-content-wrapper\"><p>[vc_section][vc_row row_height_percent=&#8221;0&#8243; override_padding=&#8221;yes&#8221; h_padding=&#8221;2&#8243; top_padding=&#8221;3&#8243; bottom_padding=&#8221;1&#8243; overlay_alpha=&#8221;50&#8243; gutter_size=&#8221;3&#8243; column_width_percent=&#8221;100&#8243; shift_y=&#8221;0&#8243; z_index=&#8221;0&#8243; content_parallax=&#8221;0&#8243; uncode_shortcode_id=&#8221;129007&#8243;][vc_column column_width_percent=&#8221;100&#8243; gutter_size=&#8221;1&#8243; overlay_alpha=&#8221;50&#8243; shift_x=&#8221;0&#8243; shift_y=&#8221;0&#8243; shift_y_down=&#8221;0&#8243; z_index=&#8221;0&#8243; medium_width=&#8221;0&#8243; mobile_width=&#8221;0&#8243; width=&#8221;1\/1&#8243; uncode_shortcode_id=&#8221;468056&#8243;][vc_custom_heading text_font=&#8221;font-179873&#8243; text_size=&#8221;fontsize-25&#8243; text_weight=&#8221;600&#8243; uncode_shortcode_id=&#8221;206051&#8243;]Pol\u00edtica d&#8217;accessibilitat[\/vc_custom_heading][vc_column_text uncode_shortcode_id=&#8221;399563&#8243; css=&#8221;.vc_custom_1732616681661{margin-top: 20px !important;}&#8221; el_class=&#8221;fontheight-28&#8243;]L&#8217;empresa Taller de Ideas para la Red S.L., gestora de la marca \u00abTu web accessible\u00bb, s&#8217;ha comprom\u00e8s a fer accessible el seu lloc web de conformitat amb el Reial decret 1112\/2018, de 7 de setembre, sobre accessibilitat dels llocs web i aplicacions per a dispositius m\u00f2bils del sector p\u00fablic, o desenvolupaments finan\u00e7ats des d&#8217;Europa.<\/p>\n<p>La present declaraci\u00f3 d&#8217;accessibilitat s&#8217;aplica al lloc web <a href=\"https:\/\/www.tuwebaccesible.es\/cat\/\">https:\/\/www.tuwebaccesible.es\/<\/a> excloent els continguts incrustats provinents d&#8217;altres dominis.[\/vc_column_text][\/vc_column][\/vc_row][\/vc_section][vc_section][vc_row row_height_percent=&#8221;0&#8243; override_padding=&#8221;yes&#8221; h_padding=&#8221;2&#8243; top_padding=&#8221;2&#8243; bottom_padding=&#8221;1&#8243; overlay_alpha=&#8221;50&#8243; gutter_size=&#8221;3&#8243; column_width_percent=&#8221;100&#8243; shift_y=&#8221;0&#8243; z_index=&#8221;0&#8243; content_parallax=&#8221;0&#8243; uncode_shortcode_id=&#8221;656546&#8243;][vc_column column_width_percent=&#8221;100&#8243; gutter_size=&#8221;1&#8243; overlay_alpha=&#8221;50&#8243; shift_x=&#8221;0&#8243; shift_y=&#8221;0&#8243; shift_y_down=&#8221;0&#8243; z_index=&#8221;0&#8243; medium_width=&#8221;0&#8243; mobile_width=&#8221;0&#8243; width=&#8221;1\/1&#8243; uncode_shortcode_id=&#8221;468056&#8243;][vc_custom_heading heading_semantic=&#8221;h3&#8243; text_font=&#8221;font-179873&#8243; text_size=&#8221;fontsize-20&#8243; text_weight=&#8221;600&#8243; uncode_shortcode_id=&#8221;535260&#8243;]Situaci\u00f3 de compliment[\/vc_custom_heading][vc_column_text uncode_shortcode_id=&#8221;374263&#8243; css=&#8221;.vc_custom_1732616722323{margin-top: 20px !important;}&#8221; el_class=&#8221;fontheight-28&#8243;]Aquest lloc web \u00e9s Parcialment conforme amb el RD 1112\/2018 degut a la falta de conformitat dels aspectes que s&#8217;indiquen a continuaci\u00f3.[\/vc_column_text][\/vc_column][\/vc_row][\/vc_section][vc_section][vc_row row_height_percent=&#8221;0&#8243; override_padding=&#8221;yes&#8221; h_padding=&#8221;2&#8243; top_padding=&#8221;2&#8243; bottom_padding=&#8221;1&#8243; overlay_alpha=&#8221;50&#8243; gutter_size=&#8221;3&#8243; column_width_percent=&#8221;100&#8243; shift_y=&#8221;0&#8243; z_index=&#8221;0&#8243; content_parallax=&#8221;0&#8243; uncode_shortcode_id=&#8221;592473&#8243;][vc_column column_width_percent=&#8221;100&#8243; gutter_size=&#8221;1&#8243; overlay_alpha=&#8221;50&#8243; shift_x=&#8221;0&#8243; shift_y=&#8221;0&#8243; shift_y_down=&#8221;0&#8243; z_index=&#8221;0&#8243; medium_width=&#8221;0&#8243; mobile_width=&#8221;0&#8243; width=&#8221;1\/1&#8243; uncode_shortcode_id=&#8221;468056&#8243;][vc_custom_heading heading_semantic=&#8221;h3&#8243; text_font=&#8221;font-179873&#8243; text_size=&#8221;fontsize-20&#8243; text_weight=&#8221;600&#8243; uncode_shortcode_id=&#8221;815703&#8243;]Contingut no accessible[\/vc_custom_heading][vc_column_text uncode_shortcode_id=&#8221;588081&#8243; css=&#8221;.vc_custom_1732616754343{margin-top: 20px !important;}&#8221; el_class=&#8221;fontheight-28&#8243;]El contingut que es recull a continuaci\u00f3 no \u00e9s accessible pels seg\u00fcents motius:<\/p>\n<ul>\n<li>Manca de conformitat:\n<ul>\n<li>Poden existir alguns enlla\u00e7os la funci\u00f3 o objectiu dels quals no estiguin correctament definits &#8211; Requisit n\u00famero 9.2.4.4 Prop\u00f2sit dels enlla\u00e7os de UNE-EN 301549:2020.<\/li>\n<li>Poden existir elements el nom, funci\u00f3 o valor dels quals no estigui correctament definit, o algun element extern al web que no disposi d&#8217;una definici\u00f3 de funci\u00f3 suficient &#8211; Requisit n\u00famero 9.4.1.2 Nom, funci\u00f3 i valor de UNE-EN 301549:2020.<\/li>\n<\/ul>\n<\/li>\n<li>C\u00e0rrega desproporcionada: No resulta aplicable.<\/li>\n<li>El contingut no entra dins l&#8217;\u00e0mbit de la legislaci\u00f3 aplicable.<\/li>\n<\/ul>\n<p>Podrien existir arxius ofim\u00e0tics en PDF o altres formats publicats abans del 20 de setembre de 2018 que no compleixin en la seva totalitat tots els requisits d&#8217;accessibilitat. Pot haver-hi continguts de tercers que no estiguin desenvolupats en aquesta Unitat, ni sota el seu control, com arxius ofim\u00e0tics de diferents entitats que hagin de publicar-se en aquest lloc.[\/vc_column_text][\/vc_column][\/vc_row][\/vc_section][vc_section][vc_row row_height_percent=&#8221;0&#8243; override_padding=&#8221;yes&#8221; h_padding=&#8221;2&#8243; top_padding=&#8221;2&#8243; bottom_padding=&#8221;1&#8243; overlay_alpha=&#8221;50&#8243; gutter_size=&#8221;3&#8243; column_width_percent=&#8221;100&#8243; shift_y=&#8221;0&#8243; z_index=&#8221;0&#8243; content_parallax=&#8221;0&#8243; uncode_shortcode_id=&#8221;133149&#8243;][vc_column column_width_percent=&#8221;100&#8243; gutter_size=&#8221;1&#8243; overlay_alpha=&#8221;50&#8243; shift_x=&#8221;0&#8243; shift_y=&#8221;0&#8243; shift_y_down=&#8221;0&#8243; z_index=&#8221;0&#8243; medium_width=&#8221;0&#8243; mobile_width=&#8221;0&#8243; width=&#8221;1\/1&#8243; uncode_shortcode_id=&#8221;468056&#8243;][vc_custom_heading heading_semantic=&#8221;h3&#8243; text_font=&#8221;font-179873&#8243; text_size=&#8221;fontsize-20&#8243; text_weight=&#8221;600&#8243; uncode_shortcode_id=&#8221;146170&#8243;]Preparaci\u00f3 de la present declaraci\u00f3 d&#8217;accessibilitat[\/vc_custom_heading][vc_column_text uncode_shortcode_id=&#8221;135708&#8243; css=&#8221;.vc_custom_1732616795740{margin-top: 20px !important;}&#8221; el_class=&#8221;fontheight-28&#8243;]La present declaraci\u00f3 va ser preparada el 21\/10\/2024.<\/p>\n<p>El m\u00e8tode emprat per preparar la declaraci\u00f3 ha estat una autoavaluaci\u00f3 externa portada a terme per l&#8217;empresa <a href=\"https:\/\/www.tuwebaccesible.es\/cat\/\">Tu Web Accessible<\/a>.<\/p>\n<p>\u00daltima revisi\u00f3 de la declaraci\u00f3: 21\/10\/2024.[\/vc_column_text][\/vc_column][\/vc_row][\/vc_section][vc_section][vc_row row_height_percent=&#8221;0&#8243; override_padding=&#8221;yes&#8221; h_padding=&#8221;2&#8243; top_padding=&#8221;2&#8243; bottom_padding=&#8221;3&#8243; overlay_alpha=&#8221;50&#8243; gutter_size=&#8221;3&#8243; column_width_percent=&#8221;100&#8243; shift_y=&#8221;0&#8243; z_index=&#8221;0&#8243; content_parallax=&#8221;0&#8243; uncode_shortcode_id=&#8221;831736&#8243;][vc_column column_width_percent=&#8221;100&#8243; gutter_size=&#8221;1&#8243; overlay_alpha=&#8221;50&#8243; shift_x=&#8221;0&#8243; shift_y=&#8221;0&#8243; shift_y_down=&#8221;0&#8243; z_index=&#8221;0&#8243; medium_width=&#8221;0&#8243; mobile_width=&#8221;0&#8243; width=&#8221;1\/1&#8243; uncode_shortcode_id=&#8221;468056&#8243;][vc_custom_heading heading_semantic=&#8221;h3&#8243; text_font=&#8221;font-179873&#8243; text_size=&#8221;fontsize-20&#8243; text_weight=&#8221;600&#8243; uncode_shortcode_id=&#8221;926158&#8243;]Observacions i dades de contacte[\/vc_custom_heading][vc_column_text uncode_shortcode_id=&#8221;176828&#8243; css=&#8221;.vc_custom_1732616831389{margin-top: 20px !important;}&#8221; el_class=&#8221;fontheight-28&#8243;]Pot realitzar comunicacions sobre requisits d&#8217;accessibilitat [article 10.2.a) del RD 1112\/2018] com, per exemple:<\/p>\n<ul>\n<li>Informar sobre qualsevol possible incompliment per part d&#8217;aquest lloc web.<\/li>\n<li>Transmitir altres dificultats d&#8217;acc\u00e9s al contingut.<\/li>\n<li>Formular qualsevol altra consulta o suggeriment de millora relativa a l&#8217;accessibilitat del lloc web a trav\u00e9s del seg\u00fcent <a href=\"https:\/\/www.tuwebaccesible.es\/cat\/contacte\/\">formulari de contacte<\/a> o trucant al tel\u00e8fon <a href=\"tel:+34689681486\">689 681 486<\/a> de 9 a 14 hores de dilluns a divendres.<\/li>\n<\/ul>\n<p>Pot presentar:<\/p>\n<ul>\n<li>Una queixa relativa al compliment dels requisits del RD 1112\/2018<\/li>\n<li>Una sol\u00b7licitud d&#8217;informaci\u00f3 accessible relativa a:\n<ul>\n<li>Continguts que estan exclosos de l&#8217;\u00e0mbit d&#8217;aplicaci\u00f3 del RD 1112\/2018 segons el que estableix l&#8217;article 3, apartat 4.<\/li>\n<li>Continguts que estan exempts del compliment dels requisits d&#8217;accessibilitat per imposar una c\u00e0rrega desproporcionada.<\/li>\n<\/ul>\n<\/li>\n<\/ul>\n<p>[\/vc_column_text][\/vc_column][\/vc_row][\/vc_section]<\/p>\n<\/div>","protected":false},"excerpt":{"rendered":"<p>[vc_section][vc_row row_height_percent=&#8221;0&#8243; override_padding=&#8221;yes&#8221; h_padding=&#8221;2&#8243; top_padding=&#8221;3&#8243; bottom_padding=&#8221;1&#8243; overlay_alpha=&#8221;50&#8243; gutter_size=&#8221;3&#8243; column_width_percent=&#8221;100&#8243; shift_y=&#8221;0&#8243; z_index=&#8221;0&#8243; content_parallax=&#8221;0&#8243; uncode_shortcode_id=&#8221;129007&#8243;][vc_column column_width_percent=&#8221;100&#8243; gutter_size=&#8221;1&#8243; overlay_alpha=&#8221;50&#8243; shift_x=&#8221;0&#8243; shift_y=&#8221;0&#8243; shift_y_down=&#8221;0&#8243; z_index=&#8221;0&#8243; [&hellip;]<\/p>\n","protected":false},"author":4,"featured_media":0,"parent":14155,"menu_order":0,"comment_status":"closed","ping_status":"closed","template":"","meta":{"_acf_changed":false,"footnotes":""},"class_list":["post-8202","page","type-page","status-publish","hentry"],"acf":[],"_links":{"self":[{"href":"https:\/\/www.tuwebaccesible.es\/cat\/wp-json\/wp\/v2\/pages\/8202","targetHints":{"allow":["GET"]}}],"collection":[{"href":"https:\/\/www.tuwebaccesible.es\/cat\/wp-json\/wp\/v2\/pages"}],"about":[{"href":"https:\/\/www.tuwebaccesible.es\/cat\/wp-json\/wp\/v2\/types\/page"}],"author":[{"embeddable":true,"href":"https:\/\/www.tuwebaccesible.es\/cat\/wp-json\/wp\/v2\/users\/4"}],"replies":[{"embeddable":true,"href":"https:\/\/www.tuwebaccesible.es\/cat\/wp-json\/wp\/v2\/comments?post=8202"}],"version-history":[{"count":0,"href":"https:\/\/www.tuwebaccesible.es\/cat\/wp-json\/wp\/v2\/pages\/8202\/revisions"}],"up":[{"embeddable":true,"href":"https:\/\/www.tuwebaccesible.es\/cat\/wp-json\/wp\/v2\/pages\/14155"}],"wp:attachment":[{"href":"https:\/\/www.tuwebaccesible.es\/cat\/wp-json\/wp\/v2\/media?parent=8202"}],"curies":[{"name":"wp","href":"https:\/\/api.w.org\/{rel}","templated":true}]}}

Declaració d&#8217;accessibilitat

<div class="wpb-content-wrapper"><p>[vc_section][vc_row row_height_percent=&#8221;0&#8243; override_padding=&#8221;yes&#8221; h_padding=&#8221;2&#8243; top_padding=&#8221;3&#8243; bottom_padding=&#8221;1&#8243; overlay_alpha=&#8221;50&#8243; gutter_size=&#8221;3&#8243; column_width_percent=&#8221;100&#8243; shift_y=&#8221;0&#8243; z_index=&#8221;0&#8243; content_parallax=&#8221;0&#8243; uncode_shortcode_id=&#8221;129007&#8243;][vc_column column_width_percent=&#8221;100&#8243; gutter_size=&#8221;1&#8243; overlay_alpha=&#8221;50&#8243; shift_x=&#8221;0&#8243; shift_y=&#8221;0&#8243; shift_y_down=&#8221;0&#8243; z_index=&#8221;0&#8243; medium_width=&#8221;0&#8243; mobile_width=&#8221;0&#8243; width=&#8221;1/1&#8243; uncode_shortcode_id=&#8221;468056&#8243;][vc_custom_heading text_font=&#8221;font-179873&#8243; text_size=&#8221;fontsize-25&#8243; text_weight=&#8221;600&#8243; uncode_shortcode_id=&#8221;206051&#8243;]Política d&#8217;accessibilitat[/vc_custom_heading][vc_column_text uncode_shortcode_id=&#8221;399563&#8243; css=&#8221;.vc_custom_1732616681661{margin-top: 20px !important;}&#8221; el_class=&#8221;fontheight-28&#8243;]L&#8217;empresa Taller de Ideas para la Red S.L., gestora de la marca «Tu web accessible», s&#8217;ha compromès a fer accessible el seu lloc web de conformitat amb el Reial decret 1112/2018, de 7 de setembre, sobre accessibilitat dels llocs web i aplicacions per a dispositius mòbils del sector públic, o desenvolupaments finançats des d&#8217;Europa.</p>
<p>La present declaració d&#8217;accessibilitat s&#8217;aplica al lloc web <a href="https://www.tuwebaccesible.es/cat/">https://www.tuwebaccesible.es/</a> excloent els continguts incrustats provinents d&#8217;altres dominis.[/vc_column_text][/vc_column][/vc_row][/vc_section][vc_section][vc_row row_height_percent=&#8221;0&#8243; override_padding=&#8221;yes&#8221; h_padding=&#8221;2&#8243; top_padding=&#8221;2&#8243; bottom_padding=&#8221;1&#8243; overlay_alpha=&#8221;50&#8243; gutter_size=&#8221;3&#8243; column_width_percent=&#8221;100&#8243; shift_y=&#8221;0&#8243; z_index=&#8221;0&#8243; content_parallax=&#8221;0&#8243; uncode_shortcode_id=&#8221;656546&#8243;][vc_column column_width_percent=&#8221;100&#8243; gutter_size=&#8221;1&#8243; overlay_alpha=&#8221;50&#8243; shift_x=&#8221;0&#8243; shift_y=&#8221;0&#8243; shift_y_down=&#8221;0&#8243; z_index=&#8221;0&#8243; medium_width=&#8221;0&#8243; mobile_width=&#8221;0&#8243; width=&#8221;1/1&#8243; uncode_shortcode_id=&#8221;468056&#8243;][vc_custom_heading heading_semantic=&#8221;h3&#8243; text_font=&#8221;font-179873&#8243; text_size=&#8221;fontsize-20&#8243; text_weight=&#8221;600&#8243; uncode_shortcode_id=&#8221;535260&#8243;]Situació de compliment[/vc_custom_heading][vc_column_text uncode_shortcode_id=&#8221;374263&#8243; css=&#8221;.vc_custom_1732616722323{margin-top: 20px !important;}&#8221; el_class=&#8221;fontheight-28&#8243;]Aquest lloc web és Parcialment conforme amb el RD 1112/2018 degut a la falta de conformitat dels aspectes que s&#8217;indiquen a continuació.[/vc_column_text][/vc_column][/vc_row][/vc_section][vc_section][vc_row row_height_percent=&#8221;0&#8243; override_padding=&#8221;yes&#8221; h_padding=&#8221;2&#8243; top_padding=&#8221;2&#8243; bottom_padding=&#8221;1&#8243; overlay_alpha=&#8221;50&#8243; gutter_size=&#8221;3&#8243; column_width_percent=&#8221;100&#8243; shift_y=&#8221;0&#8243; z_index=&#8221;0&#8243; content_parallax=&#8221;0&#8243; uncode_shortcode_id=&#8221;592473&#8243;][vc_column column_width_percent=&#8221;100&#8243; gutter_size=&#8221;1&#8243; overlay_alpha=&#8221;50&#8243; shift_x=&#8221;0&#8243; shift_y=&#8221;0&#8243; shift_y_down=&#8221;0&#8243; z_index=&#8221;0&#8243; medium_width=&#8221;0&#8243; mobile_width=&#8221;0&#8243; width=&#8221;1/1&#8243; uncode_shortcode_id=&#8221;468056&#8243;][vc_custom_heading heading_semantic=&#8221;h3&#8243; text_font=&#8221;font-179873&#8243; text_size=&#8221;fontsize-20&#8243; text_weight=&#8221;600&#8243; uncode_shortcode_id=&#8221;815703&#8243;]Contingut no accessible[/vc_custom_heading][vc_column_text uncode_shortcode_id=&#8221;588081&#8243; css=&#8221;.vc_custom_1732616754343{margin-top: 20px !important;}&#8221; el_class=&#8221;fontheight-28&#8243;]El contingut que es recull a continuació no és accessible pels següents motius:</p>
<ul>
<li>Manca de conformitat:
<ul>
<li>Poden existir alguns enllaços la funció o objectiu dels quals no estiguin correctament definits &#8211; Requisit número 9.2.4.4 Propòsit dels enllaços de UNE-EN 301549:2020.</li>
<li>Poden existir elements el nom, funció o valor dels quals no estigui correctament definit, o algun element extern al web que no disposi d&#8217;una definició de funció suficient &#8211; Requisit número 9.4.1.2 Nom, funció i valor de UNE-EN 301549:2020.</li>
</ul>
</li>
<li>Càrrega desproporcionada: No resulta aplicable.</li>
<li>El contingut no entra dins l&#8217;àmbit de la legislació aplicable.</li>
</ul>
<p>Podrien existir arxius ofimàtics en PDF o altres formats publicats abans del 20 de setembre de 2018 que no compleixin en la seva totalitat tots els requisits d&#8217;accessibilitat. Pot haver-hi continguts de tercers que no estiguin desenvolupats en aquesta Unitat, ni sota el seu control, com arxius ofimàtics de diferents entitats que hagin de publicar-se en aquest lloc.[/vc_column_text][/vc_column][/vc_row][/vc_section][vc_section][vc_row row_height_percent=&#8221;0&#8243; override_padding=&#8221;yes&#8221; h_padding=&#8221;2&#8243; top_padding=&#8221;2&#8243; bottom_padding=&#8221;1&#8243; overlay_alpha=&#8221;50&#8243; gutter_size=&#8221;3&#8243; column_width_percent=&#8221;100&#8243; shift_y=&#8221;0&#8243; z_index=&#8221;0&#8243; content_parallax=&#8221;0&#8243; uncode_shortcode_id=&#8221;133149&#8243;][vc_column column_width_percent=&#8221;100&#8243; gutter_size=&#8221;1&#8243; overlay_alpha=&#8221;50&#8243; shift_x=&#8221;0&#8243; shift_y=&#8221;0&#8243; shift_y_down=&#8221;0&#8243; z_index=&#8221;0&#8243; medium_width=&#8221;0&#8243; mobile_width=&#8221;0&#8243; width=&#8221;1/1&#8243; uncode_shortcode_id=&#8221;468056&#8243;][vc_custom_heading heading_semantic=&#8221;h3&#8243; text_font=&#8221;font-179873&#8243; text_size=&#8221;fontsize-20&#8243; text_weight=&#8221;600&#8243; uncode_shortcode_id=&#8221;146170&#8243;]Preparació de la present declaració d&#8217;accessibilitat[/vc_custom_heading][vc_column_text uncode_shortcode_id=&#8221;135708&#8243; css=&#8221;.vc_custom_1732616795740{margin-top: 20px !important;}&#8221; el_class=&#8221;fontheight-28&#8243;]La present declaració va ser preparada el 21/10/2024.</p>
<p>El mètode emprat per preparar la declaració ha estat una autoavaluació externa portada a terme per l&#8217;empresa <a href="https://www.tuwebaccesible.es/cat/">Tu Web Accessible</a>.</p>
<p>Última revisió de la declaració: 21/10/2024.[/vc_column_text][/vc_column][/vc_row][/vc_section][vc_section][vc_row row_height_percent=&#8221;0&#8243; override_padding=&#8221;yes&#8221; h_padding=&#8221;2&#8243; top_padding=&#8221;2&#8243; bottom_padding=&#8221;3&#8243; overlay_alpha=&#8221;50&#8243; gutter_size=&#8221;3&#8243; column_width_percent=&#8221;100&#8243; shift_y=&#8221;0&#8243; z_index=&#8221;0&#8243; content_parallax=&#8221;0&#8243; uncode_shortcode_id=&#8221;831736&#8243;][vc_column column_width_percent=&#8221;100&#8243; gutter_size=&#8221;1&#8243; overlay_alpha=&#8221;50&#8243; shift_x=&#8221;0&#8243; shift_y=&#8221;0&#8243; shift_y_down=&#8221;0&#8243; z_index=&#8221;0&#8243; medium_width=&#8221;0&#8243; mobile_width=&#8221;0&#8243; width=&#8221;1/1&#8243; uncode_shortcode_id=&#8221;468056&#8243;][vc_custom_heading heading_semantic=&#8221;h3&#8243; text_font=&#8221;font-179873&#8243; text_size=&#8221;fontsize-20&#8243; text_weight=&#8221;600&#8243; uncode_shortcode_id=&#8221;926158&#8243;]Observacions i dades de contacte[/vc_custom_heading][vc_column_text uncode_shortcode_id=&#8221;176828&#8243; css=&#8221;.vc_custom_1732616831389{margin-top: 20px !important;}&#8221; el_class=&#8221;fontheight-28&#8243;]Pot realitzar comunicacions sobre requisits d&#8217;accessibilitat [article 10.2.a) del RD 1112/2018] com, per exemple:</p>
<ul>
<li>Informar sobre qualsevol possible incompliment per part d&#8217;aquest lloc web.</li>
<li>Transmitir altres dificultats d&#8217;accés al contingut.</li>
<li>Formular qualsevol altra consulta o suggeriment de millora relativa a l&#8217;accessibilitat del lloc web a través del següent <a href="https://www.tuwebaccesible.es/cat/contacte/">formulari de contacte</a> o trucant al telèfon <a href="tel:+34689681486">689 681 486</a> de 9 a 14 hores de dilluns a divendres.</li>
</ul>
<p>Pot presentar:</p>
<ul>
<li>Una queixa relativa al compliment dels requisits del RD 1112/2018</li>
<li>Una sol·licitud d&#8217;informació accessible relativa a:
<ul>
<li>Continguts que estan exclosos de l&#8217;àmbit d&#8217;aplicació del RD 1112/2018 segons el que estableix l&#8217;article 3, apartat 4.</li>
<li>Continguts que estan exempts del compliment dels requisits d&#8217;accessibilitat per imposar una càrrega desproporcionada.</li>
</ul>
</li>
</ul>
<p>[/vc_column_text][/vc_column][/vc_row][/vc_section]</p>
</div>
